-2*t - 6*y + 16, 5*t + 2*y - n = 0. What is the units digit of t?
2
What is the units digit of ((-1)/2 - 0)*-14?
7
What is the tens digit of -4 + (4 - 4) + 42?
3
Suppose -2 = 3*c - 5. What is the units digit of c?
1
Suppose -22*l = -20*l - 70. What is the tens digit of l?
3
Let b be (2/5)/(1/10). Suppose -b*d = -d - f + 8, -3*f - 12 = 0. What is the units digit of (d/(-2))/(4/8)?
4
Let m = -13 + 43. What is the tens digit of m?
3
Let r = 118 - 66. What is the units digit of r?
2
Suppose 0*q - 5*q + 5 = 0. Suppose -d = -6 - q. What is the units digit of d?
7
What is the units digit of (-45)/2*(-4 + 2)?
5
What is the units digit of ((-8)/16)/((-2)/16)?
4
Let x(i) = -4*i**3 + 2*i**2 + 2*i + 3. Let b(p) = p**3 - p - 1. Let o(a) = -6*b(a) - 2*x(a). Let v = 3 + -1. What is the units digit of o(v)?
4
Let a(u) = -3*u**3 - u**2 + 2*u - 7. What is the tens digit of a(-3)?
5
Suppose -4*a = -5*a - 20. What is the tens digit of (a/(-6))/(10/60)?
2
What is the units digit of (-50 - (-2 + 0))*-1?
8
Suppose 4*x + 0*c + 5*c = 64, 4*x - 3*c - 64 = 0. What is the units digit of x?
6
Let t be ((-1)/(2/(-18)))/(-1). Let o be (0*(-3)/t)/(-1). Suppose o = 2*v - 2*u - 18, 4*v - 2*v + 3*u = 38. What is the units digit of v?
3
Suppose 34 = 2*o - 4*n + 4, 5*o = 2*n + 67. Suppose 5*r = -o - 2. What is the units digit of 14 + 1/(-1)*r?
7
Let k(b) = -b**2 + 5*b + 6. Let i be k(5). Let z be (-4)/(0/(-2) + -1). Let j = i - z. What is the units digit of j?
2
Suppose -2*g + 6*g = -28. Let o = g + 8. What is the units digit of o?
1
Let y = 38 + -56. Let n = 26 + y. What is the units digit of n?
8
Let v be (-1 - -3)*-4*1. Let t = 18 + v. Let i = t + -2. What is the units digit of i?
8
Let z = 5 + -3. Suppose 2*d + 10 = 3*s - s, -3*d - 10 = z*s. What is the units digit of s?
1
Suppose 5*z - u - 8 = 0, 0 = -4*z + 3*u + 2 - 0. Let y = z - -2. What is the units digit of y?
4
Let m = 10 + 7. Suppose 4*r = 3*p - 29, m = 2*p - 4*r - r. What is the units digit of p?
1
Suppose -10 = -5*w, -176 = -3*o - w - 0*w. What is the tens digit of o?
5
Suppose -38 = -5*k + 12. What is the tens digit of k?
1
Let p(o) = -3*o**2 + 13*o - 3. Let s be p(9). What is the units digit of s/(-27) + (-2)/(-9)?
5
Suppose 10 = -2*w, 0 = -3*g + 2*w + 1 - 9. Let u = 1 + g. Let f = u + 7. What is the units digit of f?
2
Let m be 4 - (2 + -4)/2. Suppose 11 + 44 = m*p. What is the tens digit of p?
1
Let y(u) = -u**2 + 3*u + 6. Let g be y(5). Let a be g + 1 - (0 + -7). Suppose -24 = -a*h + 36. What is the tens digit of h?
1
Let q = -12 - -14. Suppose q*v = -2*y + 32, y - v + 48 = 4*y. What is the units digit of y?
6
Let j = -120 + 240. What is the hundreds digit of j?
1
Suppose -2*v + c + 34 = -64, -16 = -4*c. What is the tens digit of v?
5
Suppose 6*w = 3*w. Suppose -m + 5 = -2*d, -4*m + 5*d + 14 = -w*m. Let r = m - -2. What is the units digit of r?
3
Let i = 90 - 51. What is the tens digit of i?
3
Suppose 2*h - 2*f + 86 = 280, 2*h - 182 = -f. What is the units digit of h?
3
Let z(g) = g**3 + 4*g**2 - g - 4. Let p be z(-4). Let j = 4 - p. What is the units digit of j?
4
Let k be (1 + 0)/((-1)/19). Let u = k + 52. What is the units digit of u/(-3)*(1 + -2)?
1
Suppose q = 4*z + 8, -4*q - 2 = -4*z - 22. Suppose 4*c + 6 = -m, q*c + 2*m = 4*m. What is the units digit of 2 - -4 - (2 + c)?
5
Let c(y) = -y**3 - 5*y**2 - 2. Let q be c(-5). Let l be (-2)/q + 1 - -38. Suppose -5*i = -i - l. What is the units digit of i?
0
Suppose -229 = -2*l + 199. What is the hundreds digit of l?
2
Let h(s) = -5*s + 10. What is the units digit of h(-10)?
0
Suppose 3*y + 13 = z, -3*z + y + y = -18. What is the units digit of z?
4
Let t(d) = 4*d**3 + 4*d**2 - 3*d**2 + 0*d**2. Let h be t(1). Suppose -h*f + 30 = -0. What is the units digit of f?
6
Suppose 3*r = -101 - 145. Let w = 140 + r. Suppose 4*t - 3*o - 68 = 0, -3*t = o - 5*o - w. What is the units digit of t?
4
Let q(c) = 27*c - 7. What is the hundreds digit of q(9)?
2
Let p = 0 - -4. What is the units digit of ((-2)/4)/(p/(-40))?
5
Suppose -4*l = q - 6, 0 = 3*q + l - 35 - 38. What is the tens digit of q?
2
Suppose -4*z = -4*d - 1244, -2*d - 671 = -4*z + 583. What is the hundreds digit of z?
3
Suppose -2 = 4*c - 10. Let m(g) = 2*g**2 - 4*g + 3. Let t be m(c). What is the units digit of (5/(-3))/(t/(-9))?
5
Let l(t) = 11*t**2 + t - 1. What is the tens digit of l(1)?
1
Suppose 2*o + 10 = -3*o. Let s = o - -4. Suppose z + 0 = s. What is the units digit of z?
2
Suppose -72 = -4*n + 48. Suppose u = p - 6, -3*p - n = 5*u - 0*u. What is the tens digit of 16/u*(-60)/16?
1
Let u be 204/21 + (-2)/(-7). What is the units digit of (45/u)/((-2)/(-4))?
9
Let a = 107 - 94. Let z be ((-2)/(-3))/((-2)/24). Let l = z + a. What is the units digit of l?
5
Let t(c) = c**3 - 4*c**2 - 4. Let x be t(5). Let m = -1 + x. What is the tens digit of m?
2
Suppose 3*g = 4*b + 638, -3*g + 799 = b + 186. What is the tens digit of g?
0
Let a(v) = -v**3 + 5*v**2 + 6*v + 3. Let m be a(6). Suppose -2*x - m = 5. Let t = 15 + x. What is the units digit of t?
1
Suppose 0 = -3*c + 4*c + 14. What is the units digit of 2 + 4*c/(-4)?
6
What is the units digit of ((-2)/3)/((-14)/231)?
1
Suppose j + 134 = 3*b, 3*j - 56 = -2*b + 37. What is the units digit of b?
5
Suppose -3*l + 5*k = -24 - 23, 3*l - 4*k - 49 = 0. What is the tens digit of l?
1
Let x be 1/(162/80 + -2). Suppose w = 5*w - x. What is the units digit of w?
0
Suppose 0 = -5*n - 3*p - 87, n + 4*p + 17 = 3*p. Let w = 56 - 31. Let d = n + w. What is the units digit of d?
7
Let b be 4*(1 + (2 - 0)). Let r = b + 4. What is the units digit of r?
6
Let l be 2/(-3)*9/3. Let k be (-4)/l + 2 + -2. What is the units digit of 12/k - 2*1?
4
Let o be (-4)/((-8)/(-26)) + 2. What is the units digit of o*(4 + -2 - 3)?
1
Suppose -5*b = -0*b - 25. Suppose 88 = b*f + 18. What is the tens digit of f?
1
Let u = 0 + 3. Suppose i + 3*f - 6 - 1 = 0, u*i - 4*f + 18 = 0. Let q(v) = 3*v**2 - 4*v - 3. What is the tens digit of q(i)?
1
Let y(v) = v + 7. Let c(j) = 2*j**3 + j**2 - 8*j + 10. Let o(g) = -g**3 + 4*g - 5. Let q(x) = 4*c(x) + 7*o(x). Let h be q(-5). What is the units digit of y(h)?
7
Let j be ((-16)/24)/(1/(-150)). Suppose -k = 4*k - j. What is the tens digit of k?
2
What is the tens digit of ((-2)/(-4))/(5/160)?
1
Suppose 2*j - 396 = -2*b, 2*j - 3*b = -4*b + 399. Suppose -4*q = 5*r - j, -r + q + 165 = 3*r. What is the tens digit of r?
4
Let l = 105 - 72. Suppose -2*w + l = 3. What is the tens digit of w?
1
Suppose 2*x + 2 = 2*n, 4*n - 2*n - 8 = -x. Suppose 2*t + 2*z + 14 = 4*t, -x*z = 6. Let y = t - 2. What is the units digit of y?
2
Suppose -2 = v - 5. Suppose -2*x + 23 = -v. What is the tens digit of x?
1
What is the tens digit of 246/4 - 18/(-12)?
6
Let t be 37/7 + 8/(-28). Suppose 13 = t*b + 38. Let l = 25 + b. What is the units digit of l?
0
Let c(n) = n**3 + 1. Suppose -2*p = 2*p - 12. Suppose 0 = -p*z - z. What is the units digit of c(z)?
1
Suppose -5*w - 42 + 607 = 5*z, 427 = 4*z - w. What is the hundreds digit of z?
1
Let f = -25 - -35. Let d = f + 1. What is the tens digit of d?
1
Let r = 138 + -69. What is the units digit of r?
9
Suppose -6 - 6 = 3*t. Let z be (-82)/(-12) + 5/30. Let n = t + z. What is the units digit of n?
3
Let y(f) = -f**2 - 6*f - 1. Let m be y(-6). What is the tens digit of (m/(-3))/(2/96)?
1
Suppose 16 = 3*n + 4. Suppose 6 = 2*a, -16 = -b - n*a + 14. What is the units digit of b?
8
What is the tens digit of (-2)/1*(18 - 26)?
1
Suppose -42*g + 34*g = -2328. What is the units digit of g?
1
Suppose 2*a = -32 + 8. Let r be ((-3)/6)/((-2)/a). Let x = r + 4. What is the units digit of x?
1
Suppose 0 = -y + 3*g + 5, 4*g - 2 = -6. Suppose -y*i + 22 = -3*a, 0*a - 14 = 3*a + 2*i. What is the units digit of (2 + -2 + a)*-2?
2
Suppose -n = -0*n - 1. Suppose -f + n + 4 = 0. What is the units digit of f?
5
Let l(j) = -3*j**2 + 2 + 2*j**3 - j**3 - 4. Let g be l(3). What is the tens digit of (18 - (1 - -2)) + g?
1
Let u(z) = -z**2 - 27*z - 43. What is the units digit of u(-25)?
7
Suppose 20 = 2*c + 3*c. Suppose c*w = 2*w + 4. Suppose -w*r = r - 18. What is the units digit of r?
6
Suppose -6 = -5*j + 4*x - 1, 0 = 3*j - 3*x. Suppose -q + 4*a + 28 = 0, -j*q + 2*a + a + 208 = 0. What is the tens digit of q?
4
Suppose -5*c - 59 = 2*k, 3*c + 98 = -5*k + 7*c. Let l be k/8 - 5